{"id":548,"date":"2020-07-31T11:17:10","date_gmt":"2020-07-31T09:17:10","guid":{"rendered":"https:\/\/telefon-zaufania.pro-life.pl\/?page_id=548"},"modified":"2020-08-06T08:39:09","modified_gmt":"2020-08-06T06:39:09","slug":"home","status":"publish","type":"page","link":"https:\/\/telefon-zaufania.pro-life.pl\/","title":{"rendered":"Home"},"content":{"rendered":"<p>[vc_row parallax_bg=&#8221;true&#8221; css=&#8221;.vc_custom_1596693105047{padding-top: 120px !important;background-position: center !important;background-repeat: no-repeat !important;background-size: cover !important;}&#8221; el_class=&#8221;relative&#8221; el_id=&#8221;book&#8221;][vc_column][vc_column_text]<\/p>\n<h1 class=\"headline\" style=\"text-align: center;\">Nieoczekiwana lub trudna ci\u0105\u017ca?<\/h1>\n<h1 class=\"headline\" style=\"text-align: center;\">NIE JESTE\u015a <span style=\"color: #1e73be;\">SAMA<\/span><\/h1>\n<p>[\/vc_column_text][vc_custom_heading text=&#8221;Zadzwo\u0144 na telefon zaufania:<br \/>\n798 636 493&#8243; font_container=&#8221;tag:h3|text_align:center&#8221; use_theme_fonts=&#8221;yes&#8221; el_class=&#8221;headline-support&#8221; css=&#8221;.vc_custom_1596695861441{margin-bottom: 100px !important;}&#8221;][vc_single_image image=&#8221;608&#8243; img_size=&#8221;full&#8221; alignment=&#8221;center&#8221;][\/vc_column][\/vc_row][vc_row css=&#8221;.vc_custom_1447042226209{padding-top: 50px !important;padding-bottom: 50px !important;}&#8221; el_id=&#8221;about&#8221; el_class=&#8221;text-center&#8221;][vc_column][vc_column_text el_class=&#8221;section-title&#8221; css=&#8221;.vc_custom_1596609682288{margin-bottom: 30px !important;}&#8221;]<\/p>\n<ul class=\"list-unstyled checklist\">\n<li style=\"text-align: center;\">\n<h5><i class=\"fa fa-check\"><\/i> Jeste\u015b w ci\u0105\u017cy, a w og\u00f3le jej nie planowa\u0142a\u015b?<\/h5>\n<h5><i class=\"fa fa-check\"><\/i> Czujesz gniew, w\u015bciek\u0142o\u015b\u0107, poczucie winy\u2026?<\/h5>\n<h5><i class=\"fa fa-check\"><\/i> Do\u015bwiadczasz przemocy, nie masz wsparcia w bliskich ci osobach?<\/h5>\n<h5><i class=\"fa fa-check\"><\/i> Boisz si\u0119, \u017ce stracisz partnera\/prac\u0119\/szans\u0119 na rozw\u00f3j\u2026?<\/h5>\n<h5><i class=\"fa fa-check\"><\/i> Nie jeste\u015b sama! Zadzwo\u0144<\/h5>\n<p>[\/vc_column_text][\/vc_column][\/vc_row][vc_row css=&#8221;.vc_custom_1446781331709{padding-top: 30px !important;padding-bottom: 70px !important;}&#8221; el_class=&#8221;text-center&#8221;][vc_column]\t  <a href=\"#book\" class=\"btn btn-xl btn-success\">TELEFON ZAUFANIA<\/a>\r\n  \r\n  [vc_column_text css=&#8221;.vc_custom_1596609736792{margin-top: 20px !important;margin-bottom: 20px !important;}&#8221;]<\/p>\n<h4>Zadzwo\u0144 : <a href=\"tel:+48798636493\">798 636 493<\/a><\/h4>\n<p>[\/vc_column_text][\/vc_column][\/vc_row][vc_row css=&#8221;.vc_custom_1446802978816{padding-top: 30px !important;padding-bottom: 70px !important;background-color: #fafafa !important;}&#8221; el_id=&#8221;services&#8221;][vc_column][vc_column_text]<b>Co mi da taka rozmowa?<\/b><\/p>\n<p>Pozwoli przede wszystkim uspokoi\u0107 emocje. W kryzysowych sytuacjach wa\u017cne jest, aby znale\u017a\u0107 zrozumienie i akceptacj\u0119 swojego stanu u innej osoby. Pozwoli to na spokojne i rozwa\u017cne zastanowienie si\u0119, co dalej zrobi\u0107 ze swoim \u017cyciem.[\/vc_column_text][vc_column_text el_class=&#8221;section-title&#8221; css=&#8221;.vc_custom_1596188565088{padding-bottom: 30px !important;}&#8221;]<\/p>\n<h3 class=\"subline\" style=\"text-align: center;\"><\/h3>\n<hr \/>\n<p>[\/vc_column_text][vc_column_text]<b>Dla kogo jest telefon?<\/b><\/p>\n<p>Telefon Zaufania \u015bwiadczy dora\u017an\u0105 pomoc kobietom, kt\u00f3re znalaz\u0142y si\u0119 w niespodziewanej ci\u0105\u017cy i nie potrafi\u0105 lub nie chc\u0105 zaakceptowa\u0107 tej sytuacji.<\/p>\n<p>Z Telefonu Zaufania mog\u0105 skorzysta\u0107 tak\u017ce ojcowie spodziewaj\u0105cy si\u0119 narodzin dziecka oraz inne bliskie osoby kobiety w ci\u0105\u017cy, kt\u00f3ra znalaz\u0142a si\u0119 w kryzysie[\/vc_column_text][vc_column_text el_class=&#8221;section-title&#8221; css=&#8221;.vc_custom_1596188565088{padding-bottom: 30px !important;}&#8221;]<\/p>\n<h3 class=\"subline\" style=\"text-align: center;\"><\/h3>\n<hr \/>\n<p>[\/vc_column_text][vc_column_text]<b>Do kogo si\u0119 dodzwoni\u0119?<\/b><\/p>\n<p>Przy telefonie dy\u017curuje certyfikowana psychoterapeutka, kt\u00f3ra jest r\u00f3wnie\u017c nauczycielem metod rozpoznawania p\u0142odno\u015bci i specjalistk\u0105 od etyki seksualnej.[\/vc_column_text][vc_column_text el_class=&#8221;section-title&#8221; css=&#8221;.vc_custom_1596188565088{padding-bottom: 30px !important;}&#8221;]<\/p>\n<h3 class=\"subline\" style=\"text-align: center;\"><\/h3>\n<hr \/>\n<p>[\/vc_column_text][vc_column_text]<b>Kiedy mog\u0119 zadzwoni\u0107?<\/b><\/p>\n<p>Telefon Zaufania jest czynny w \u015brody od godz. 19 do 21 i w pi\u0105tki od godz. 10 do 12.[\/vc_column_text][vc_column_text el_class=&#8221;section-title&#8221; css=&#8221;.vc_custom_1596188565088{padding-bottom: 30px !important;}&#8221;]<\/p>\n<h3 class=\"subline\" style=\"text-align: center;\"><\/h3>\n<hr \/>\n<p>[\/vc_column_text][vc_column_text]<b>Czy b\u0119d\u0119 anonimowa?<\/b><\/p>\n<p>Telefon gwarantuje mo\u017cliwo\u015b\u0107 anonimowej wymiany my\u015bli (osoba dzwoni\u0105ca nie podaje \u017cadnych swoich danych). Osoba dy\u017curuj\u0105ca zapewnia absolutn\u0105 dyskrecj\u0119.[\/vc_column_text][vc_column_text el_class=&#8221;section-title&#8221; css=&#8221;.vc_custom_1596188565088{padding-bottom: 30px !important;}&#8221;]<\/p>\n<h3 class=\"subline\" style=\"text-align: center;\"><\/h3>\n<hr \/>\n<p>[\/vc_column_text][vc_column_text]<b>Czy kto\u015b mnie b\u0119dzie poucza\u0142?<\/b><\/p>\n<p>S\u0142uchamy. Nie oceniamy. Dy\u017curuj\u0105ca psychoterapeutka wys\u0142uchuje rozm\u00f3wc\u00f3w bez krytykowania i pot\u0119piania, okazuje \u017cyczliwo\u015b\u0107. Na pro\u015bb\u0119 telefonuj\u0105cego psychoterapeutka mo\u017ce poinformowa\u0107, do jakiej instytucji zwr\u00f3ci\u0107 si\u0119 o pomoc.[\/vc_column_text][vc_column_text el_class=&#8221;section-title&#8221; css=&#8221;.vc_custom_1596188565088{padding-bottom: 30px !important;}&#8221;]<\/p>\n<h3 class=\"subline\" style=\"text-align: center;\"><\/h3>\n<hr \/>\n<p>[\/vc_column_text][\/vc_column][\/vc_row][vc_row][vc_column][vc_column_text]<\/li>\n<\/ul>\n<p>[\/vc_column_text][\/vc_column][\/vc_row]<\/p>\n","protected":false},"excerpt":{"rendered":"<p>[vc_row parallax_bg=&#8221;true&#8221; css=&#8221;.vc_custom_1596693105047{padding-top: 120px !important;background-position: center !important;background-repeat: no-repeat !important;background-size: cover !important;}&#8221; el_class=&#8221;relative&#8221; el_id=&#8221;book&#8221;][vc_column][vc_column_text] Nieoczekiwana lub trudna ci\u0105\u017ca? NIE JESTE\u015a SAMA [\/vc_column_text][vc_custom_heading text=&#8221;Zadzwo\u0144 na telefon zaufania: 798 636 493&#8243; font_container=&#8221;tag:h3|text_align:center&#8221; use_theme_fonts=&#8221;yes&#8221; el_class=&#8221;headline-support&#8221; css=&#8221;.vc_custom_1596695861441{margin-bottom: 100px !important;}&#8221;][vc_single_image image=&#8221;608&#8243; img_size=&#8221;full&#8221; alignment=&#8221;center&#8221;][\/vc_column][\/vc_row][vc_row css=&#8221;.vc_custom_1447042226209{padding-top: 50px !important;padding-bottom: 50px !important;}&#8221; el_id=&#8221;about&#8221; el_class=&#8221;text-center&#8221;][vc_column][vc_column_text el_class=&#8221;section-title&#8221; css=&#8221;.vc_custom_1596609682288{margin-bottom: 30px !important;}&#8221;] Jeste\u015b w ci\u0105\u017cy, a w og\u00f3le jej [&hellip;]<\/p>\n","protected":false},"author":1,"featured_media":0,"parent":0,"menu_order":0,"comment_status":"closed","ping_status":"closed","template":"page-templates\/template-canvas.php","meta":{"_monsterinsights_skip_tracking":false,"_monsterinsights_sitenote_active":false,"_monsterinsights_sitenote_note":"","_monsterinsights_sitenote_category":0,"footnotes":""},"_links":{"self":[{"href":"https:\/\/telefon-zaufania.pro-life.pl\/index.php\/wp-json\/wp\/v2\/pages\/548"}],"collection":[{"href":"https:\/\/telefon-zaufania.pro-life.pl\/index.php\/wp-json\/wp\/v2\/pages"}],"about":[{"href":"https:\/\/telefon-zaufania.pro-life.pl\/index.php\/wp-json\/wp\/v2\/types\/page"}],"author":[{"embeddable":true,"href":"https:\/\/telefon-zaufania.pro-life.pl\/index.php\/wp-json\/wp\/v2\/users\/1"}],"replies":[{"embeddable":true,"href":"https:\/\/telefon-zaufania.pro-life.pl\/index.php\/wp-json\/wp\/v2\/comments?post=548"}],"version-history":[{"count":50,"href":"https:\/\/telefon-zaufania.pro-life.pl\/index.php\/wp-json\/wp\/v2\/pages\/548\/revisions"}],"predecessor-version":[{"id":609,"href":"https:\/\/telefon-zaufania.pro-life.pl\/index.php\/wp-json\/wp\/v2\/pages\/548\/revisions\/609"}],"wp:attachment":[{"href":"https:\/\/telefon-zaufania.pro-life.pl\/index.php\/wp-json\/wp\/v2\/media?parent=548"}],"curies":[{"name":"wp","href":"https:\/\/api.w.org\/{rel}","templated":true}]}}